-o - 141 = -3*m + 150. What is the remainder when m is divided by a?
23
Suppose -5*s + 16 = 4*q, 5*s = -2*q - 4 + 12. Suppose -46 = -2*z + q. Calculate the remainder when z is divided by 13.
12
Let d(t) = 4*t - 3. Suppose -4*h + 140 = 4*v, 0*v = v - h - 45. Suppose -16 = f - 4*x, f = 6*f + 4*x - v. What is the remainder when d(f) is divided by 5?
3
Suppose -3*g + 2*g + 70 = 3*f, 0 = 2*g - 3*f - 131. Suppose -3*j + 47 = -g. What is the remainder when j is divided by 13?
12
Suppose 2*m - 36 + 4 = 0. What is the remainder when 44 is divided by m?
12
Suppose 46 = 2*l - 4*a, a - 2*a = 4*l - 92. Let g(t) = -2*t - 2. Let i be g(3). What is the remainder when l is divided by (-147)/(-12) + 2/i?
11
Suppose -307 = -9*z - 55. Calculate the remainder when z is divided by 17.
11
Let m be 2/(-4 + 2)*-2. Suppose -17 = 2*r + 2*r + 5*d, m*r - 3*d = 19. What is the remainder when r is divided by 2?
0
Suppose 2*o = -4*o + 324. Let t(a) = -a**2 + 10*a + 3. What is the remainder when o is divided by t(8)?
16
Suppose 0 = 3*d - 0*d - 48. Let a = d + -11. Suppose 2 + 4 = 3*g. What is the remainder when a is divided by g?
1
Suppose i - 2*i + 5*k + 1 = 0, -5*i = 4*k - 34. Suppose -r = -i + 1. Suppose 2*z = -r*s + 5, 3*z - s = 2*z + 6. What is the remainder when 17 is divided by z?
2
Let i = 10 - 12. What is the remainder when 5 is divided by (-1 - i) + 2/2?
1
Suppose 2*l - o - 26 = -4*o, 0 = o - 4. Suppose 2*s - f = -4*f + 89, s - 51 = 5*f. Let u = s + -26. What is the remainder when u is divided by l?
6
Let q = -283 - -406. Suppose 5*w = -13 + q. Let x = 19 + -11. What is the remainder when w is divided by x?
6
Calculate the remainder when 16/(-6)*60/(-8) is divided by 7.
6
Let t(i) = i**2 - 6. Let l(q) = -2*q + 11. Let y be l(8). What is the remainder when (-60)/9*(-210)/25 is divided by t(y)?
18
Let j(t) = -t - 4. Let s be j(-6). Suppose -2 = -s*h + 18. What is the remainder when 1/(2 - 110/56) is divided by h?
8
Let p(x) = 2*x - 5. Let t be p(4). Suppose -5*r = -4*q - 125, -t*q - 101 = -4*r - 0*q. What is the remainder when r is divided by 15?
14
Suppose -29*y = -27*y - 302. What is the remainder when y is divided by 22?
19
Let q(j) = 47*j**2 + j. Let a be q(1). Let g = a + -7. Let b = g - 27. Calculate the remainder when b is divided by 5.
4
Let s = -9 + 14. Suppose -5*n + 11 + 9 = 0, s*c - 5*n = 525. Let z = -57 + c. What is the remainder when z is divided by 18?
16
Let a(z) be the second derivative of z**4/12 - z**3 - 7*z**2/2 + z. Let c be a(6). Let i = 24 + c. Calculate the remainder when 50 is divided by i.
16
Suppose 60 = 4*b - 76. Calculate the remainder when b is divided by 12.
10
Suppose -3*r + 5*w = -35, 2*w = -r + 4*r - 32. What is the remainder when 58 is divided by r?
8
Suppose 3*x - 2*x = 28. Calculate the remainder when 55 is divided by x.
27
Let p be -1*((-9)/3 + 3). Suppose p*o - 42 = -o. Suppose c = 5*g + 6*c - 65, 2*c = 5*g - 51. What is the remainder when o is divided by g?
9
Suppose -t - 3*u + 16 = 0, -2*t + 3*u + 108 = t. Calculate the remainder when 121 is divided by t.
28
Suppose 5*l = -0 + 10, -13 = d - 5*l. Calculate the remainder when 32 is divided by d/15 - (-86)/5.
15
Let k(d) = -3*d + 8. Let w be k(-7). Let x = w - 5. What is the remainder when 71 is divided by x?
23
Suppose -3*i - 2*c = 1 - 127, 145 = 4*i - 5*c. Calculate the remainder when i is divided by 21.
19
Suppose 5*p - 129 + 4 = 0. Let f = 17 + -8. What is the remainder when p is divided by f?
7
Let s = -9 - -14. Let p = s + 11. Calculate the remainder when 46 is divided by p.
14
What is the remainder when 101 is divided by (-4)/(-20) + 348/10?
31
Suppose 0 = 3*s + 3*f, 6 = -0*f - 2*f. What is the remainder when 22 is divided by s?
1
Suppose -20 = -h - 4*z + 77, -4*h - 4*z = -448. Suppose -5*g = -4*r - 195, 0*g + h = 3*g + 3*r. Calculate the remainder when g is divided by -1 + 11*2 + -1.
19
What is the remainder when -6 + 7 - -2*1 is divided by 1?
0
Let s(z) = 4*z - 4. What is the remainder when (8/(-10))/(18/(-675)) is divided by s(5)?
14
Suppose -3*d + 54 = 3*r + 2*d, 72 = 4*r + d. What is the remainder when r is divided by 7?
4
Let a be -3*((-10)/3 + 2). Suppose 4*m + a = 3*k + 3, 5*m = 5*k - 5. Calculate the remainder when (13 - 12) + 2/2 is divided by m.
0
Let x = 28 + -11. Suppose x = 3*v - 16. Calculate the remainder when v is divided by 4.
3
Suppose -4 = -g + 1. Suppose -g = -3*b + 61. What is the remainder when 2 - (1 - (b - -3)) is divided by 9?
8
Let m(u) be the first derivative of -15*u**2 + u - 1. Calculate the remainder when m(-1) is divided by 8/6*(-1 + 13).
15
Suppose -3*p - 20 = -t, 0 = t - 2*t + p + 14. Calculate the remainder when t is divided by 5.
1
Let y(g) = -g**3 - 3*g**2 + 2. Let t be y(-3). Suppose -t*i - 4*n = -10, 2*n = 2*i - 3*n + 17. What is the remainder when 5 is divided by -3 + 5 - (i - -1)?
1
Suppose -5*i = -5*v - 20, 2*i + 3*i - v = 24. Suppose -2*s + 186 = 4*o, 2*s + 3 - i = 0. Calculate the remainder when o is divided by 16.
14
Let z(r) = -r**2 - 8*r + 9. Let x be z(-9). Calculate the remainder when 2 + 3 + x/(-2) is divided by 2.
1
What is the remainder when 49 is divided by (-1)/(25/(-320)) + 1/5?
10
Calculate the remainder when 490/(-4)*(-54)/45 is divided by 25.
22
Suppose 2*d - 4 = d + 5*p, 3*p = 12. Suppose 4*s - 6*s - 2 = -4*o, 4*s = 3*o + 21. Calculate the remainder when d is divided by s.
6
Suppose 3*n - 10 = -2*n + 4*o, -4*o = 3*n - 6. Let t be n/8 - 82/8. Let v = -1 - t. What is the remainder when v is divided by 5?
4
Suppose t + 18 = -4. Let c = 49 + t. What is the remainder when c is divided by 91/26*16/4?
13
Let j be 4/(12/(-9)) - -3. Suppose -h - 3 = 4*s, 5*h + s - 4 = -j*s. What is the remainder when h is divided by 1?
0
Suppose 2*z - 23 - 13 = 0. Let v = 118 - 84. What is the remainder when v is divided by z?
16
Let i = -12 - -18. Calculate the remainder when 15 is divided by i.
3
Suppose 4*s - 6 = f, -4*s - f - 1 + 3 = 0. What is the remainder when 2 is divided by s?
0
Let s = 214 - 205. Suppose -2*j - 5*z + 34 = 0, j + z = -z + 17. Suppose 0 + j = x. What is the remainder when x is divided by s?
8
Let b = -5 + 15. Suppose 3*w + 4 = b. Let c(d) = d**2 - 3*d - 3. Calculate the remainder when w is divided by c(4).
0
Suppose 0 = 53*j - 49*j - 148. What is the remainder when j is divided by 10?
7
Let g(w) = w**2 - 3*w - 3. What is the remainder when g(6) is divided by 9?
6
Let i(z) = z + 1. Let b be i(-4). Let s = 5 + b. Calculate the remainder when 5 is divided by s.
1
Suppose 8*b = 54 + 106. What is the remainder when 37 is divided by b?
17
Suppose 8*w + 12*w - 440 = 0. Calculate the remainder when 86 is divided by w.
20
Suppose -3*g + 3*p = -63, 5*g - 2*p = g + 88. What is the remainder when (3/(-2))/((-15)/680) is divided by g?
22
Suppose 3*y + 402 = -2*p, y + 2*p + 134 = -0*y. Let k = y + 204. What is the remainder when k is divided by 18?
16
Let f = -4 - -33. Calculate the remainder when f is divided by 16.
13
Suppose -7*r = -2*r - 5*d - 70, -3*r - d + 42 = 0. What is the remainder when 68 is divided by r?
12
Suppose -12*i + 10*i + t + 64 = 0, -4*t = 0. What is the remainder when i is divided by 9?
5
Let d be (-135)/(-6) - (-6)/4. Let b = d + -13. Calculate the remainder when 20 is divided by b.
9
Let p(y) = y**3 + 10*y**2 + 3*y + 7. What is the remainder when p(-8) is divided by 16?
15
Suppose -1 = -s - 3. Let d be (0 - (s - 7)) + 1. Suppose d = 5*z - 45. What is the remainder when 31 is divided by z?
9
Let m be (2 + (-57)/6)*-2. Let f be ((-18)/m)/(4/(-30)). Suppose 0*r - r = -f. What is the remainder when 16 is divided by r?
7
Let g be 20/(-15)*(-18)/4. What is the remainder when g/(-8) + (-844)/(-16) is divided by 14?
10
Suppose j = 5*c + 8 - 1, -4*c = 2*j. Suppose -j*z - 3*b = 2*b + 208, z + 4*b + 98 = 0. Calculate the remainder when 36 is divided by (1/(-2))/(3/z).
17
What is the remainder when -105*(-270)/105*(-1)/(-3) is divided by 31?
28
Let s(u) = -6*u**3 + 2*u**2 + u. Let n = -87 + 131. What is the remainder when n/4 + (4 - 3) is divided by s(-1)?
5
Suppose 6*j = 3*j + 63. Let r = 5 + 0. What is the remainder when j is divided by (-1 - -2)/(r/55)?
10
Let k = 17 + -10. What is the remainder when 41 is divided by k?
6
Let o(z) = z - 7. Let v be o(6). Let p be v/(-3) + 10/(-3). What is the remainder when 26